81 is divided by 4440?
41
What is the remainder when 6826 is divided by 676?
66
What is the remainder when 17964 is divided by 123?
6
Calculate the remainder when 83 is divided by 47.
36
What is the remainder when 7507 is divided by 1876?
3
What is the remainder when 500900 is divided by 39?
23
Calculate the remainder when 409 is divided by 371.
38
What is the remainder when 17510 is divided by 337?
323
What is the remainder when 65072 is divided by 374?
370
Calculate the remainder when 108456 is divided by 9.
6
Calculate the remainder when 47797 is divided by 412.
5
What is the remainder when 12408 is divided by 91?
32
Calculate the remainder when 114899 is divided by 19130.
119
What is the remainder when 269041 is divided by 112?
17
What is the remainder when 447810 is divided by 55?
0
What is the remainder when 6640 is divided by 664?
0
Calculate the remainder when 79679 is divided by 681.
2
What is the remainder when 588791 is divided by 512?
503
Calculate the remainder when 7495 is divided by 202.
21
Calculate the remainder when 1157715 is divided by 478.
477
Calculate the remainder when 84027 is divided by 226.
181
What is the remainder when 2922 is divided by 208?
10
What is the remainder when 44628 is divided by 1206?
6
Calculate the remainder when 325176 is divided by 451.
5
Calculate the remainder when 27665 is divided by 1625.
40
What is the remainder when 150120 is divided by 4839?
111
What is the remainder when 9844 is divided by 656?
4
What is the remainder when 32482 is divided by 464?
2
Calculate the remainder when 2913 is divided by 291.
3
Calculate the remainder when 194730 is divided by 703.
702
Calculate the remainder when 32517 is divided by 6502.
7
Calculate the remainder when 119165 is divided by 22.
13
Calculate the remainder when 20901 is divided by 995.
6
Calculate the remainder when 48279 is divided by 44.
11
What is the remainder when 66124 is divided by 336?
268
What is the remainder when 76 is divided by 21?
13
What is the remainder when 220493 is divided by 12?
5
What is the remainder when 908 is divided by 255?
143
Calculate the remainder when 186459 is divided by 162.
159
Calculate the remainder when 134053 is divided by 1289.
1286
What is the remainder when 34338 is divided by 34322?
16
Calculate the remainder when 22101 is divided by 70.
51
Calculate the remainder when 2541435 is divided by 509.
507
Calculate the remainder when 1936 is divided by 107.
10
What is the remainder when 2392 is divided by 216?
16
Calculate the remainder when 3653429 is divided by 110.
109
Calculate the remainder when 4960 is divided by 332.
312
Calculate the remainder when 28093 is divided by 66.
43
Calculate the remainder when 6745 is divided by 162.
103
What is the remainder when 6234 is divided by 5?
4
What is the remainder when 208278 is divided by 7714?
0
Calculate the remainder when 24585 is divided by 300.
285
Calculate the remainder when 6784 is divided by 43.
33
What is the remainder when 2581 is divided by 282?
43
What is the remainder when 685 is divided by 661?
24
Calculate the remainder when 44596 is divided by 1274.
6
What is the remainder when 936 is divided by 72?
0
Calculate the remainder when 2810 is divided by 312.
2
Calculate the remainder when 57253 is divided by 1508.
1457
What is the remainder when 28754 is divided by 13?
11
Calculate the remainder when 92285 is divided by 89.
81
What is the remainder when 3051 is divided by 1006?
33
What is the remainder when 10959 is divided by 556?
395
Calculate the remainder when 7294 is divided by 243.
4
What is the remainder when 647308 is divided by 101?
100
Calculate the remainder when 334 is divided by 146.
42
What is the remainder when 31092 is divided by 5153?
174
Calculate the remainder when 7613 is divided by 119.
116
What is the remainder when 31711 is divided by 157?
154
What is the remainder when 2358526 is divided by 166?
164
What is the remainder when 643755 is divided by 38?
35
Calculate the remainder when 50855 is divided by 64.
39
Calculate the remainder when 8350 is divided by 38.
28
Calculate the remainder when 13375 is divided by 73.
16
Calculate the remainder when 179674 is divided by 18.
16
What is the remainder when 5637 is divided by 5630?
7
Calculate the remainder when 1048 is divided by 1032.
16
Calculate the remainder when 4709 is divided by 34.
17
Calculate the remainder when 144194 is divided by 26.
24
What is the remainder when 1561 is divided by 676?
209
Calculate the remainder when 12264 is divided by 6028.
208
What is the remainder when 10350 is divided by 479?
291
What is the remainder when 1309 is divided by 123?
79
Calculate the remainder when 2152 is divided by 690.
82
Calculate the remainder when 8490 is divided by 27.
12
What is the remainder when 9929 is divided by 87?
11
Calculate the remainder when 957842 is divided by 79820.
2
Calculate the remainder when 31357 is divided by 20.
17
Calculate the remainder when 598 is divided by 477.
121
Calculate the remainder when 15831 is divided by 42.
39
Calculate the remainder when 521573 is divided by 52155.
23
Calculate the remainder when 251595 is divided by 1446.
1437
What is the remainder when 4451 is divided by 103?
22
Calculate the remainder when 12792 is divided by 1599.
0
Calculate the remainder when 271 is divided by 129.
13
What is the remainder when 32157 is divided by 134?
131
What is the remainder when 28048 is divided by 20?
8
What is the remainder when 191221 is divided by 21?
16
Calculate the remainder when 16116 is divided by 294.
240
What is the remainder when 21438 is divided by 67?
65
Calculate the remainder when 2287 is divided by 2276.
11
What is the remainder when 2992 is divided by 351?
184
What is the remainder when 91517 is divided by 2038?
1845
What is the remainder when 172290 is divided by 57393?
111
What is the remainder when 7128 is divided by 3323?
482
What is the remainder when 12977 is divided by 29?
14
Calculate the remainder when 312 is divided by 151.
10
What is the remainder when 49828 is divided by 110?
108
What is the remainder when 14542 is divided by 41?
28
Calculate the remainder when 1911 is divided by 113.
103
Calculate the remainder when 12463 is divided by 1245.
13
What is the remainder when 13063 is divided by 764?
75
What is the remainder when 2476 is divided by 2470?
6
Calculate the remainder when 9373 is divided by 402.
127
What is the remainder when 2494929 is divided by 10?
9
Calculate the remainder when 88124 is divided by 272.
268
Calculate the remainder when 17933 is divided by 21.
20
What is the remainder when 291530 is divided by 291517?
13
What is the remainder when 75060 is divided by 318?
12
What is the remainder when 73531 is divided by 42?
31
What is the remainder when 351140 is divided by 117038?
26
Calculate the remainder when 1051 is divided by 1033.
18
What is the remainder when 7542 is divided by 155?
102
Calculate the remainder when 53042 is divided by 21.
17
What is the remainder when 810 is divided by 655?
155
Calculate the remainder when 91015 is divided by 12993.
64
Calculate the remainder when 1956755 is divided by 212.
207
What is the remainder when 2743 is divided by 44?
15
What is the remainder when 7879 is divided by 113?
82
What is the remainder when 71175 is divided by 10125?
300
What is the remainder when 4848 is divided by 125?
98
Calculate the remainder when 4681 is divided by 1392.
505
Calculate the remainder when 372 is divided by 126.
120
What is the remainder when 73234 is divided by 89?
76
What is the remainder when 178037 is divided by 2871?
35
What is the remainder when 8254 is divided by 294?
22
Calculate the remainder when 3458 is divided by 567.
56
What is the remainder when 32430 is divided by 32366?
64
What is the remainder when 475080 is divided by 2596?
12
Calculate the remainder when 2815 is divided by 701.
11
Calculate the remainder when 192128 is divided by 140.
48
What is the remainder when 5172 is divided by 15?
12
Calculate the remainder when 150638 is divided by 97.
94
Calculate the remainder when 1046233 is divided by 57.
55
Calculate the remainder when 15879 is divided by 40.
39
Calculate the remainder when 8715 is divided by 792.
3
What is the remainder when 353298 is divided by 9